{"id":98,"date":"2019-10-13T09:07:22","date_gmt":"2019-10-13T07:07:22","guid":{"rendered":"https:\/\/www.fullofenergy.cz\/?page_id=98"},"modified":"2025-10-04T11:12:34","modified_gmt":"2025-10-04T09:12:34","slug":"vzpominame","status":"publish","type":"page","link":"https:\/\/www.fullofenergy.cz\/?page_id=98","title":{"rendered":"Vzpom\u00edn\u00e1me"},"content":{"rendered":"\t\t<div data-elementor-type=\"wp-page\" data-elementor-id=\"98\" class=\"elementor elementor-98\">\n\t\t\t\t<div class=\"aux-parallax-section elementor-element elementor-element-ade830d e-flex e-con-boxed e-con e-parent\" data-id=\"ade830d\" data-element_type=\"container\">\n\t\t\t\t\t<div class=\"e-con-inner\">\n\t\t\t\t<div class=\"elementor-element elementor-element-48292b1 elementor-widget elementor-widget-heading\" data-id=\"48292b1\" data-element_type=\"widget\" data-widget_type=\"heading.default\">\n\t\t\t\t<div class=\"elementor-widget-container\">\n\t\t\t\t\t<h2 class=\"elementor-heading-title elementor-size-default\">Nav\u017edy v na\u0161ich srdc\u00edch<\/h2>\t\t\t\t<\/div>\n\t\t\t\t<\/div>\n\t\t\t\t\t<\/div>\n\t\t\t\t<\/div>\n\t\t<div class=\"aux-parallax-section elementor-element elementor-element-18e3032 e-flex e-con-boxed e-con e-parent\" data-id=\"18e3032\" data-element_type=\"container\" data-settings=\"{&quot;background_background&quot;:&quot;gradient&quot;}\">\n\t\t\t\t\t<div class=\"e-con-inner\">\n\t\t<div class=\"elementor-element elementor-element-c8753a3 e-con-full e-flex e-con e-child\" data-id=\"c8753a3\" data-element_type=\"container\">\n\t\t\t\t<div class=\"elementor-element elementor-element-fb11d98 elementor-widget elementor-widget-image\" data-id=\"fb11d98\" data-element_type=\"widget\" data-widget_type=\"image.default\">\n\t\t\t\t<div class=\"elementor-widget-container\">\n\t\t\t\t\t\t\t\t\t\t\t\t\t\t\t<img fetchpriority=\"high\" decoding=\"async\" width=\"1810\" height=\"2560\" src=\"https:\/\/www.fullofenergy.cz\/wp-content\/uploads\/2025\/06\/Natasa-scaled.jpg\" class=\"elementor-animation-grow attachment-full size-full wp-image-220\" alt=\"\" srcset=\"https:\/\/www.fullofenergy.cz\/wp-content\/uploads\/2025\/06\/Natasa-scaled.jpg 1810w, https:\/\/www.fullofenergy.cz\/wp-content\/uploads\/2025\/06\/Natasa-1086x1536.jpg 1086w, https:\/\/www.fullofenergy.cz\/wp-content\/uploads\/2025\/06\/Natasa-1448x2048.jpg 1448w, https:\/\/www.fullofenergy.cz\/wp-content\/uploads\/2025\/06\/Natasa-200x283.jpg 200w\" sizes=\"(max-width: 1810px) 100vw, 1810px\" \/>\t\t\t\t\t\t\t\t\t\t\t\t\t\t\t<\/div>\n\t\t\t\t<\/div>\n\t\t\t\t<\/div>\n\t\t<div class=\"elementor-element elementor-element-7dc6efe e-con-full e-flex e-con e-child\" data-id=\"7dc6efe\" data-element_type=\"container\">\n\t\t\t\t<div class=\"elementor-element elementor-element-32e2533 elementor-widget elementor-widget-image\" data-id=\"32e2533\" data-element_type=\"widget\" data-widget_type=\"image.default\">\n\t\t\t\t<div class=\"elementor-widget-container\">\n\t\t\t\t\t\t\t\t\t\t\t\t\t\t\t<img decoding=\"async\" width=\"1810\" height=\"2560\" src=\"https:\/\/www.fullofenergy.cz\/wp-content\/uploads\/2025\/06\/Drobek-scaled.jpg\" class=\"elementor-animation-grow attachment-full size-full wp-image-219\" alt=\"\" srcset=\"https:\/\/www.fullofenergy.cz\/wp-content\/uploads\/2025\/06\/Drobek-scaled.jpg 1810w, https:\/\/www.fullofenergy.cz\/wp-content\/uploads\/2025\/06\/Drobek-1086x1536.jpg 1086w, https:\/\/www.fullofenergy.cz\/wp-content\/uploads\/2025\/06\/Drobek-1448x2048.jpg 1448w, https:\/\/www.fullofenergy.cz\/wp-content\/uploads\/2025\/06\/Drobek-200x283.jpg 200w\" sizes=\"(max-width: 1810px) 100vw, 1810px\" \/>\t\t\t\t\t\t\t\t\t\t\t\t\t\t\t<\/div>\n\t\t\t\t<\/div>\n\t\t\t\t<\/div>\n\t\t<div class=\"elementor-element elementor-element-35bef3c e-con-full e-flex e-con e-child\" data-id=\"35bef3c\" data-element_type=\"container\">\n\t\t\t\t<div class=\"elementor-element elementor-element-487523b elementor-widget elementor-widget-image\" data-id=\"487523b\" data-element_type=\"widget\" data-widget_type=\"image.default\">\n\t\t\t\t<div class=\"elementor-widget-container\">\n\t\t\t\t\t\t\t\t\t\t\t\t\t\t\t<img decoding=\"async\" width=\"1060\" height=\"1499\" src=\"https:\/\/www.fullofenergy.cz\/wp-content\/uploads\/2025\/06\/Lada.jpeg\" class=\"elementor-animation-grow attachment-full size-full wp-image-201\" alt=\"\" srcset=\"https:\/\/www.fullofenergy.cz\/wp-content\/uploads\/2025\/06\/Lada.jpeg 1060w, https:\/\/www.fullofenergy.cz\/wp-content\/uploads\/2025\/06\/Lada-200x283.jpeg 200w\" sizes=\"(max-width: 1060px) 100vw, 1060px\" \/>\t\t\t\t\t\t\t\t\t\t\t\t\t\t\t<\/div>\n\t\t\t\t<\/div>\n\t\t\t\t<\/div>\n\t\t\t\t\t<\/div>\n\t\t\t\t<\/div>\n\t\t\t\t<\/div>\n\t\t","protected":false},"excerpt":{"rendered":"<p>Nav\u017edy v na\u0161ich srdc\u00edch<\/p>\n","protected":false},"author":1,"featured_media":0,"parent":0,"menu_order":0,"comment_status":"closed","ping_status":"closed","template":"templates\/page-builder-content.php","meta":{"footnotes":""},"class_list":["post-98","page","type-page","status-publish","hentry"],"_links":{"self":[{"href":"https:\/\/www.fullofenergy.cz\/index.php?rest_route=\/wp\/v2\/pages\/98","targetHints":{"allow":["GET"]}}],"collection":[{"href":"https:\/\/www.fullofenergy.cz\/index.php?rest_route=\/wp\/v2\/pages"}],"about":[{"href":"https:\/\/www.fullofenergy.cz\/index.php?rest_route=\/wp\/v2\/types\/page"}],"author":[{"embeddable":true,"href":"https:\/\/www.fullofenergy.cz\/index.php?rest_route=\/wp\/v2\/users\/1"}],"replies":[{"embeddable":true,"href":"https:\/\/www.fullofenergy.cz\/index.php?rest_route=%2Fwp%2Fv2%2Fcomments&post=98"}],"version-history":[{"count":17,"href":"https:\/\/www.fullofenergy.cz\/index.php?rest_route=\/wp\/v2\/pages\/98\/revisions"}],"predecessor-version":[{"id":416,"href":"https:\/\/www.fullofenergy.cz\/index.php?rest_route=\/wp\/v2\/pages\/98\/revisions\/416"}],"wp:attachment":[{"href":"https:\/\/www.fullofenergy.cz\/index.php?rest_route=%2Fwp%2Fv2%2Fmedia&parent=98"}],"curies":[{"name":"wp","href":"https:\/\/api.w.org\/{rel}","templated":true}]}}